{"id":44,"date":"2016-11-24T14:36:07","date_gmt":"2016-11-24T13:36:07","guid":{"rendered":"http:\/\/bbrz-gbr.de\/?page_id=44"},"modified":"2016-11-24T14:36:07","modified_gmt":"2016-11-24T13:36:07","slug":"beratung","status":"publish","type":"page","link":"https:\/\/bbrz-gbr.de\/index.php\/beratung\/","title":{"rendered":"Beratung"},"content":{"rendered":"<h1>Beratung, Ideen, Innovationen<\/h1>\n<h2>Von der Idee zur Serie<\/h2>\n<p>Wir stehen unseren Kunden mit langj\u00e4hriger Erfahrung als Entwicklungspartner und Berater von Unternehmen unterschiedlicher Branchen zur Verf\u00fcgung. Unser Entwickler-Team bildet die professionelle Erg\u00e4nzung zum Anwendungs-Know-how unserer Kunden.<\/p>\n<p>Wir unterst\u00fctzen Sie gerne \u00fcber den gesamten Lebenszyklus Ihres Produktes. Beginnend mit der Anforderungsanalyse und Spezifikation eines Projektes bin hin zu Test, Inbetriebnahme, Pflege, Wartung und Versionierung.<\/p>\n<p><strong>Open Source<\/strong><\/p>\n<p>Open Source-Technologien nehmen auch im industriellen Umfeld einen st\u00e4ndig wachsenden Stellenwert ein. F\u00fcr eine effiziente und effektive Integration in eigene Produkte sind vielf\u00e4ltige Entscheidungen zu treffen. Open Source-Technologien k\u00f6nnen nicht abgek\u00fcndigt werden, bed\u00fcrfen aber ebenfalls professioneller Unterst\u00fctzung und Pflege. Hier stehen wir als kompetenter Ansprechpartner in allen Fragen zur Verf\u00fcgung und unterst\u00fctzung unsere Kunden mit unserem Know-How schon in der fr\u00fchen Planungs- und Entscheidungsfrage. Open Source-Technologien bieten enorme M\u00f6glichkeiten, die wir f\u00fcr unsere Kunden optimal erschlie\u00dfen m\u00f6chten. Auch entwickeln sich die Ziele und Anforderungen im Verlauf des Produktlebenszyklus weiter. Unser Entwicklungsteam findet hier zusammen mit Ihnen kreative L\u00f6sungen und unterst\u00fctzt Sie auch noch lange nach Ihrem Product-Launch.<\/p>\n","protected":false},"excerpt":{"rendered":"<p>Beratung, Ideen, Innovationen Von der Idee zur Serie Wir stehen unseren Kunden mit langj\u00e4hriger Erfahrung als Entwicklungspartner und Berater von Unternehmen unterschiedlicher Branchen zur Verf\u00fcgung. Unser Entwickler-Team bildet die professionelle Erg\u00e4nzung zum Anwendungs-Know-how unserer Kunden. Wir unterst\u00fctzen Sie gerne \u00fcber &hellip; <a href=\"https:\/\/bbrz-gbr.de\/index.php\/beratung\/\">Weiterlesen <span class=\"meta-nav\">&rarr;<\/span><\/a><\/p>\n","protected":false},"author":1,"featured_media":0,"parent":0,"menu_order":0,"comment_status":"closed","ping_status":"closed","template":"","meta":{"footnotes":""},"class_list":["post-44","page","type-page","status-publish","hentry"],"_links":{"self":[{"href":"https:\/\/bbrz-gbr.de\/index.php\/wp-json\/wp\/v2\/pages\/44"}],"collection":[{"href":"https:\/\/bbrz-gbr.de\/index.php\/wp-json\/wp\/v2\/pages"}],"about":[{"href":"https:\/\/bbrz-gbr.de\/index.php\/wp-json\/wp\/v2\/types\/page"}],"author":[{"embeddable":true,"href":"https:\/\/bbrz-gbr.de\/index.php\/wp-json\/wp\/v2\/users\/1"}],"replies":[{"embeddable":true,"href":"https:\/\/bbrz-gbr.de\/index.php\/wp-json\/wp\/v2\/comments?post=44"}],"version-history":[{"count":2,"href":"https:\/\/bbrz-gbr.de\/index.php\/wp-json\/wp\/v2\/pages\/44\/revisions"}],"predecessor-version":[{"id":46,"href":"https:\/\/bbrz-gbr.de\/index.php\/wp-json\/wp\/v2\/pages\/44\/revisions\/46"}],"wp:attachment":[{"href":"https:\/\/bbrz-gbr.de\/index.php\/wp-json\/wp\/v2\/media?parent=44"}],"curies":[{"name":"wp","href":"https:\/\/api.w.org\/{rel}","templated":true}]}}