{"id":63,"date":"2016-11-24T15:23:08","date_gmt":"2016-11-24T14:23:08","guid":{"rendered":"http:\/\/bbrz-gbr.de\/?page_id=63"},"modified":"2016-11-24T15:23:08","modified_gmt":"2016-11-24T14:23:08","slug":"linux","status":"publish","type":"page","link":"https:\/\/bbrz-gbr.de\/index.php\/linux\/","title":{"rendered":"Linux"},"content":{"rendered":"<h1>Embedded Linux<\/h1>\n<p>Embedded Systeme werden in industriellen Umgebungen mittlerweile \u00fcberall verwendet, selbst im Consumerbereich haben Sie den Markt erobert. Noch vor wenigen Jahren wurden Embedded Systeme aufw\u00e4ndig in Assembler programmiert und besa\u00dfen nur in den wenigsten F\u00e4llen ein Betriebssystem. Linux als Open Source Betriebssystem etabliert sich jedoch zusehends in Embedded-Anwendungen.<br \/>\nLeistungsf\u00e4hige und schlanke Linux-Derivate (\u00b5CLinux) bieten auch auf einfacheren Mikrocontrollern den Komfort der Schnittstellentreiber, des multithreading und eines Dateisystems sowie ausgereifte Netzwerkl\u00f6sungen wie Datenbanken, Webserver, Firewalls usw&#8230;<\/p>\n<h2><a name=\"Angebot\"><\/a>Wir bieten Ihnen:<\/h2>\n<ul>\n<li>Umfassende <strong>Projekterfahrung<\/strong> im industriellen Umfeld<\/li>\n<li>Know how f\u00fcr diverse Embedded systems Plattformen und Mikrocontroller<\/li>\n<li>Ein kompetentes Team langj\u00e4hriger <strong>Linux<\/strong> und <strong>\u00b5CLinux<\/strong> Entwickler.<\/li>\n<li><strong>Beratung<\/strong> im Bereich der OpenSource Lizensierung und hinsichtlich einer &#8222;sauberen&#8220; Trennung von Open und Closed Source<\/li>\n<li><strong>Entwicklung und Integration<\/strong> flexibler, sicherer Update-Konzepte<\/li>\n<li>Hardwarenahen <strong>Treiberentwicklung<\/strong> und <strong>Portierung<\/strong> kompletter Linux Umgebungen<\/li>\n<li>kundenspezifische Projektdokumentation<\/li>\n<li>kundenspezifische Distributionen und Board Support Packages<\/li>\n<\/ul>\n<h2><a name=\"Warum\"><\/a>Warum Linux auf einem Embedded System:<\/h2>\n<ul>\n<li><strong>Stabilit\u00e4t<\/strong> (Linux setzt neue Ma\u00dfst\u00e4be im Embedded System Bereich)<\/li>\n<li><strong>Qualit\u00e4t<\/strong> (Linux lehnt sich an die etablierte Unix Architektur an)<\/li>\n<li><strong>Offenheit<\/strong> (Open Source, d.h. kompletter Quellcode erh\u00e4ltlich)<\/li>\n<li><strong>Transparenz und Flexibilit\u00e4t<\/strong> (Linux ist ein durch und durch offenes und transparentes System. Es gibt keine verborgenen Details, die von irgendeinem Softwarehersteller unter Verschlu\u00df gehalten werden, keine propriert\u00e4ren Komponenten, Protokolle oder Dateiformate)<\/li>\n<li><strong>Nachhaltigkeit<\/strong> (kein Upgrade-Zwang; unbegrenzte G\u00fcltigkeit von Dateiformaten und Netzwerkprotokollen)<\/li>\n<li><strong>Skalierbarkeit<\/strong> (l\u00e4uft auf vielen Rechnerarchitekturen von der Armbanduhr \u00fcber PDAs und PCs bis hin zum Supercomputer)<\/li>\n<li><strong>Verbraucherfreundlichkeit<\/strong> (Weiterentwicklung von Linux orientiert sich prim\u00e4r an den W\u00fcnschen der Anwender)<\/li>\n<li><strong>Freiheit<\/strong>, Unabh\u00e4ngigkeit (Linux geh\u00f6rt keiner Firma, sondern &#8222;der ganzen Welt&#8220;)<\/li>\n<li><strong>Sicherheit<\/strong> (Gut durchdachtes Rechtesystem, Speicherschutz etc.)<\/li>\n<li>G\u00fcnstiger <strong>Preis<\/strong> (keine Lizenzkosten; nur einmalige Migrationskosten)<\/li>\n<li>M\u00e4chte Werkzeuge wie z.B. das <strong>OpenEmbedded<\/strong> Build System zur Erstellung von Embedded Linux Distributionen<br \/>\nk\u00f6nnen lizenzkostenfrei genutzt werden.<\/li>\n<\/ul>\n<h2><a name=\"Plattformen\"><\/a>Plattformen:<\/h2>\n<p>Embedded Linux bietet Unterst\u00fctzung f\u00fcr nahezu alle bekannten 32Bit und 64Bit Prozessorplattformen. Mikrocontroller, die keine Memory Management Unit (MMU) integrieren werden von \u00b5CLinux unterst\u00fctzt. Wir bieten unseren Kunden umfangreiches Know-How auf folgenden Prozessorplattformen:<\/p>\n<ul>\n<li>x86<\/li>\n<li>ARM<\/li>\n<li>AVR32<\/li>\n<li>Blackfin<\/li>\n<li>MIPS<\/li>\n<li>PowerPC<\/li>\n<\/ul>\n","protected":false},"excerpt":{"rendered":"<p>Embedded Linux Embedded Systeme werden in industriellen Umgebungen mittlerweile \u00fcberall verwendet, selbst im Consumerbereich haben Sie den Markt erobert. Noch vor wenigen Jahren wurden Embedded Systeme aufw\u00e4ndig in Assembler programmiert und besa\u00dfen nur in den wenigsten F\u00e4llen ein Betriebssystem. Linux &hellip; <a href=\"https:\/\/bbrz-gbr.de\/index.php\/linux\/\">Weiterlesen <span class=\"meta-nav\">&rarr;<\/span><\/a><\/p>\n","protected":false},"author":1,"featured_media":0,"parent":0,"menu_order":0,"comment_status":"closed","ping_status":"closed","template":"","meta":{"footnotes":""},"class_list":["post-63","page","type-page","status-publish","hentry"],"_links":{"self":[{"href":"https:\/\/bbrz-gbr.de\/index.php\/wp-json\/wp\/v2\/pages\/63"}],"collection":[{"href":"https:\/\/bbrz-gbr.de\/index.php\/wp-json\/wp\/v2\/pages"}],"about":[{"href":"https:\/\/bbrz-gbr.de\/index.php\/wp-json\/wp\/v2\/types\/page"}],"author":[{"embeddable":true,"href":"https:\/\/bbrz-gbr.de\/index.php\/wp-json\/wp\/v2\/users\/1"}],"replies":[{"embeddable":true,"href":"https:\/\/bbrz-gbr.de\/index.php\/wp-json\/wp\/v2\/comments?post=63"}],"version-history":[{"count":1,"href":"https:\/\/bbrz-gbr.de\/index.php\/wp-json\/wp\/v2\/pages\/63\/revisions"}],"predecessor-version":[{"id":64,"href":"https:\/\/bbrz-gbr.de\/index.php\/wp-json\/wp\/v2\/pages\/63\/revisions\/64"}],"wp:attachment":[{"href":"https:\/\/bbrz-gbr.de\/index.php\/wp-json\/wp\/v2\/media?parent=63"}],"curies":[{"name":"wp","href":"https:\/\/api.w.org\/{rel}","templated":true}]}}