{"id":65,"date":"2016-11-24T15:25:06","date_gmt":"2016-11-24T14:25:06","guid":{"rendered":"http:\/\/bbrz-gbr.de\/?page_id=65"},"modified":"2016-11-24T15:25:06","modified_gmt":"2016-11-24T14:25:06","slug":"bootloader-rtos-systeme","status":"publish","type":"page","link":"https:\/\/bbrz-gbr.de\/index.php\/bootloader-rtos-systeme\/","title":{"rendered":"Bootloader &#038; RTOS Systeme"},"content":{"rendered":"<h1>Bootloader Entwicklung und RTOS Systeme<\/h1>\n<h2>Spezielle Bootloader f\u00fcr Spezielle Anforderungen<\/h2>\n<p>Der Bootloader ist einer der wichtigsten Bestandteile eines Embedded Systems. Seine Bedeutung wird h\u00e4ufig untersch\u00e4tzt, da er im allgemeinen aus Anwendersicht keine direkte Funktion f\u00fcr den Benutzer erf\u00fcllt. Doch genau hier liegt das Problem. Der Bootloader ist ein wichtiger Teil der Ger\u00e4tefirmware und h\u00e4ufig Bestandteil von Updatekonzepten. Er dient der initialen Hardwareinitialsierung und bereitet das System auf den Start des eigentlichen Betriebssystems vor.<\/p>\n<p>Wir haben uns auf die Entwicklung Kundenspezifischer Bootloader L\u00f6sungen spezialisiert. Unser breites Know-How erstreckt sich \u00fcber die bekannten embedded Linux Bootloader<\/p>\n<ul>\n<li>U-Boot<\/li>\n<li>Barebox (U-Boot V2)<\/li>\n<li>Redboot<\/li>\n<\/ul>\n<p>\u00dcber diverse kundenspezifische Entwicklungen und Anpassungen. Wir bieten Ihnen umfangreiches Know-How im Bereich von Bootloader basierten Security und Copy Protection Systemen sowie Updatekonzepten f\u00fcr Ihr Embedded System.<\/p>\n<h2>RTOS System Entwicklung<\/h2>\n<p>Viele Industrie Applikationen verlangen nach Echtzeitl\u00f6sung. Hier sto\u00dfen Sie schnell an die Grenzen eines normalen Linux Systems. Es kommt auf Zero-Interrupt Latenz und Berechenbarkeit bestimmter Reaktionszeiten an. In diesem Bereich haben Systeme wie FreeRTOS, NutOS, ecos, TNKernel usw. Ihre St\u00e4rken. Wir unterst\u00fctzen Sie von der Auswahl bis zur Umsetzung Ihres Echtzeit Projektes durch unser kompetentes Entwicklungsteam. Ob Kernel Portierung oder Treiber Entwicklung, sprechen Sie uns an!<\/p>\n","protected":false},"excerpt":{"rendered":"<p>Bootloader Entwicklung und RTOS Systeme Spezielle Bootloader f\u00fcr Spezielle Anforderungen Der Bootloader ist einer der wichtigsten Bestandteile eines Embedded Systems. Seine Bedeutung wird h\u00e4ufig untersch\u00e4tzt, da er im allgemeinen aus Anwendersicht keine direkte Funktion f\u00fcr den Benutzer erf\u00fcllt. Doch genau &hellip; <a href=\"https:\/\/bbrz-gbr.de\/index.php\/bootloader-rtos-systeme\/\">Weiterlesen <span class=\"meta-nav\">&rarr;<\/span><\/a><\/p>\n","protected":false},"author":1,"featured_media":0,"parent":0,"menu_order":0,"comment_status":"closed","ping_status":"closed","template":"","meta":{"footnotes":""},"class_list":["post-65","page","type-page","status-publish","hentry"],"_links":{"self":[{"href":"https:\/\/bbrz-gbr.de\/index.php\/wp-json\/wp\/v2\/pages\/65"}],"collection":[{"href":"https:\/\/bbrz-gbr.de\/index.php\/wp-json\/wp\/v2\/pages"}],"about":[{"href":"https:\/\/bbrz-gbr.de\/index.php\/wp-json\/wp\/v2\/types\/page"}],"author":[{"embeddable":true,"href":"https:\/\/bbrz-gbr.de\/index.php\/wp-json\/wp\/v2\/users\/1"}],"replies":[{"embeddable":true,"href":"https:\/\/bbrz-gbr.de\/index.php\/wp-json\/wp\/v2\/comments?post=65"}],"version-history":[{"count":1,"href":"https:\/\/bbrz-gbr.de\/index.php\/wp-json\/wp\/v2\/pages\/65\/revisions"}],"predecessor-version":[{"id":66,"href":"https:\/\/bbrz-gbr.de\/index.php\/wp-json\/wp\/v2\/pages\/65\/revisions\/66"}],"wp:attachment":[{"href":"https:\/\/bbrz-gbr.de\/index.php\/wp-json\/wp\/v2\/media?parent=65"}],"curies":[{"name":"wp","href":"https:\/\/api.w.org\/{rel}","templated":true}]}}